. Is z a composite number?
True
Let v(k) = -33*k + 6. Let j(w) = -16*w + 3. Let t(p) = -5*j(p) + 2*v(p). Let h be t(8). Let s = -78 + h. Is s prime?
True
Suppose 4*f - 2*c - 18144 = 0, -2*f + 9068 = 2*c - c. Is f composite?
True
Is 7/(3/3) + 3 a prime number?
False
Suppose 5*w = -5, -2*w - 37 - 42 = -c. Let m = c - 132. Let b = m + 92. Is b a composite number?
False
Let l = 5658 - 3463. Is l composite?
True
Suppose 0 - 21 = -3*s. Let l = 8 + s. Is 348/l - 1/5 prime?
True
Let t(u) = -u**2 - 9*u - 2. Let k be t(-9). Is 6*k*3/(-12) a prime number?
True
Is 410/15*(-63)/(-6) a prime number?
False
Let n(k) = k**3 - 6*k**2 + k - 5. Let b be n(6). Let w(z) = 19*z**3 + z**2 - z. Is w(b) a prime number?
True
Let a = -1023 - -2216. Is a a prime number?
True
Let x be 11/3 - 12/18. Suppose 195 = x*g + 2*g. Is g a prime number?
False
Let b = 1 - 6. Let o(i) = -i - 1. Let t be o(b). Let z(v) = -v**3 + 5*v**2 + 2*v - 5. Is z(t) a prime number?
True
Suppose -5*b = -4*i + 149 + 645, 3*i = -3*b + 609. Is i prime?
False
Let p be 0/(-1) + (3 - -73). Let o = 130 - p. Suppose o = -3*j + 132. Is j prime?
False
Suppose -4*b + 0*n = 3*n - 23, 2*n = 5*b. Let v be 3 - (-2 - (-16)/4). Let p = b + v. Is p composite?
False
Is -2 + (-3 - -2) - 3664/(-4) a prime number?
False
Let i(l) = l - 1. Let x be i(6). Suppose -x*c + 191 = -2*h + 57, -c + 36 = -5*h. Suppose -c = -j - j. Is j a composite number?
False
Suppose 4*l - l = 12. Let j(f) = 46*f + 1. Is j(l) a prime number?
False
Let j(k) = -13*k**2. Let b(r) = -77*r**2. Let s(f) = -6*b(f) + 35*j(f). Is s(-1) a prime number?
True
Let d(c) be the first derivative of 3/4*c**4 + 0*c**2 - c - 1 + 0*c**3. Is d(2) composite?
False
Suppose 21 = 3*s + 6. Suppose 0 = -g - 4*g + 15. Suppose 339 = s*w + 3*a - 4*a, -256 = -4*w - g*a. Is w a composite number?
False
Let u be 18*(-1)/(-2) + -2. Suppose 2*j = u*j - 265. Is j prime?
True
Suppose 2*a - 71 - 23 = 0. Let d(z) = 5*z - 4. Let t be d(-4). Let h = a + t. Is h composite?
False
Is 2/((-6)/(-711)) - (-2)/(-1) prime?
False
Suppose -5*n - 35 = -5*s, 2*n + 2*s - 1 = s. Is n/11 + (-1152)/(-44) prime?
False
Suppose 2*z = 16*z - 66094. Is z a prime number?
True
Suppose 0 = -2*k + 4*z + 28, 5*k - z = 4 + 21. Suppose k*s - 2*s - 2 = 0, v - 32 = -2*s. Suppose i - v = -i. Is i composite?
True
Suppose -6 = 3*a - 3. Let o = a - -52. Is o a composite number?
True
Let h(l) = 52*l - 7. Is h(6) prime?
False
Suppose -3*k + 38 = -100. Is k composite?
True
Is 20/30 + (-56)/(-6) prime?
False
Let u(c) = 13*c**2 + 4*c - 3. Let o be u(3). Suppose -o = -2*q - 20. Is q a composite number?
False
Suppose -1201 + 149 = -4*l. Is l a composite number?
False
Let d(j) be the third derivative of -3*j**4/8 - 13*j**3/6 + 3*j**2. Is d(-10) prime?
False
Let m be (-5)/(-10) - 154/4. Let g = 119 - m. Is g composite?
False
Let o(g) = -g**2 + 7*g - 4. Let v be o(5). Suppose i - 65 = -v. Is i a composite number?
False
Suppose 2*f - 3 + 0 = c, 5*c = 4*f - 3. Suppose -12 = -3*o + a, -2*o + 1 = a - f. Suppose 0 = -5*p + 4*u + 82, -p = o*p - 4*u - 68. Is p a prime number?
False
Let b be (-2)/(-1 - 0) - -528. Suppose p - 3*p = -b. Is p a prime number?
False
Suppose -3*w + 3 = 5*g, 0 = -g - g. Let u = w + 22. Is u prime?
True
Suppose -9*o + 10*o + 10 = 0. Let m(l) = 2*l**2 + 13*l + 12. Is m(o) prime?
False
Suppose -f = f - 2*z - 50, 5*z - 73 = -4*f. Suppose -b - 2*k = -5*k - f, 58 = 3*b - k. Is b a composite number?
False
Let s(j) = -23*j - 8. Let y be s(-8). Suppose -4*q + 11 + y = 5*h, 0 = 2*h + 3*q - 79. Is h prime?
False
Suppose 60*v - 59*v = 1817. Is v a composite number?
True
Suppose -6*c + 165 = -c. Is c a prime number?
False
Let i(f) = -f**3 + 9*f**2 - 2*f - 8. Let g be i(8). Let v(m) = m**3 - 2. Let k be v(3). Let q = g - k. Is q a composite number?
True
Is (-561)/(-15) + (-2)/5 a composite number?
False
Suppose -v + 5*v = -4*s + 156, 0 = 5*s + v - 215. Suppose -c + 2*f + 17 = 0, -c + 5*f + 52 = 2*c. Let w = s - c. Is w a composite number?
True
Let x(s) = 27*s**2 - 5*s + 1. Is x(4) composite?
True
Suppose -3*a + 12 + 3 = 0. Suppose -a*c + 2*g + 133 = -0*g, -g + 46 = 2*c. Is c a composite number?
True
Let f = 898 - 521. Is f a composite number?
True
Let b(f) = -f**3 + 8*f**2 + 4*f + 5. Let r = 1 + -6. Let o(z) = z**2 + 3*z - 2. Let y be o(r). Is b(y) prime?
True
Suppose 106 = -3*t + 373. Is t a composite number?
False
Suppose -27 = -l + 5*x, 0*x = -2*l + 4*x + 24. Suppose 6*s - l*s = 24. Suppose -3*q + 4*b = -89, -2*q - 2*b + s + 58 = 0. Is q composite?
False
Suppose -u = -4, -4*r = -3*r - u - 161. Suppose -r = -o + 2*o. Let n = 382 + o. Is n prime?
False
Let h(m) = -m + 2. Let k be h(1). Let p = 4 - k. Is p composite?
False
Let a = 418 + -65. Is a a composite number?
False
Suppose -4*d + 23 = 5*v, -v + 10 - 39 = -4*d. Suppose g - 6 = d. Is g a prime number?
True
Suppose -4*h = -h - 21. Let x = h + -7. Suppose 0 = -x*k + k - 62. Is k a prime number?
False
Suppose 3*v + 2*r = v + 178, 3*r - 439 = -5*v. Let p = v - -56. Is p a composite number?
True
Let s = 7 - 14. Let c(k) be the first derivative of -k**2/2 + 2*k + 2. Is c(s) a composite number?
True
Let o be (0 - 1)/((-2)/58). Let a = o + 5. Let i = a - -3. Is i prime?
True
Let g = 304 + -215. Is g prime?
True
Let p = 187 - -186. Is p a prime number?
True
Let g be (-86)/(-18) + 12/54. Let z(o) = -o**2 + 273. Let s be z(0). Suppose s = 3*n + 4*b + 44, 0 = -2*n - g*b + 141. Is n a composite number?
False
Let d = 2333 - 292. Is d composite?
True
Let m = 14 + -11. Suppose m*x - 356 = -x. Is x a composite number?
False
Let l = -181 - -311. Suppose -d - l = -3*d. Is d a composite number?
True
Suppose 0 = -0*k - 5*k + 10. Is 163 - (2 + -4) - k prime?
True
Let t be ((-20)/3)/((-4)/6). Is ((-5)/t)/((-2)/124) prime?
True
Suppose 0*x - 2*x + 2*w + 284 = 0, 2*x + 3*w = 289. Is x composite?
True
Let r(n) = n**2 - 8*n - 3. Is r(-10) prime?
False
Suppose -y + 2 = 0, 2*y - 257 = 2*l + 29. Let m = l + 340. Is m composite?
False
Let l = -167 + 294. Is l prime?
True
Suppose w + w = 0. Suppose -5*n = -w*n - 2425. Is n a prime number?
False
Suppose 761 = 4*m + t, -3*t + 5*t = -6. Is m prime?
True
Let i(g) = -g**2 - 9*g - 3. Let c = -3 - -8. Suppose -3*u - w - 21 + 1 = 0, c*u - 5*w = -20. Is i(u) a composite number?
True
Let u be ((-2)/(-3))/((-2)/(-12)). Let l be (-2)/8 + 9/u. Suppose -4*q + 376 = -4*t, 6*t + 285 = 3*q + l*t. Is q prime?
False
Suppose m - 2*c - 103 = 0, -4*c - 485 = -2*m - 3*m. Let q = m + -26. Is q a prime number?
True
Let m(d) = -37*d + 4. Let v be m(-4). Suppose b + 637 = -v. Is b/(-12) - 3/4 composite?
True
Let t(n) = -n**2 + 11*n - 6. Let o be t(5). Suppose o - 135 = -3*j. Is j prime?
True
Let z(p) = 1 + 3 + 354*p - 3. Is z(1) a composite number?
True
Let a = -26 - -54. Suppose 0 = -3*j + a - 1. Let u = j - -1. Is u composite?
True
Suppose -3*n + n - 557 = 5*a, n = -3*a - 280. Suppose 1054 - 294 = -5*l. Let d = l - n. Is d a prime number?
False
Let k(p) = 2*p**2 + p + 1. Let n be k(-1). Suppose 5*m + 5*s - 265 = 0, -n*m - s + 7 = -99. Is m a prime number?
True
Let d(a) = 206*a. Let n be d(1). Suppose -n = -0*h - 2*h. Is h composite?
False
Let w = -277 + 1028. Is w prime?
True
Suppose 5 - 11 = -2*z. Suppose 2*g + z*l = -93, -l = 4 - 3. Let m = -7 - g. Is m a prime number?
False
Let o(l) = 7*l**2 - 9*l. Let j be o(6). Suppose -4*f = -3*r + 59 - 24, -5*r - 3*f = -10. Suppose -4*h = s - j, h = -s + r*s + 41. Is h composite?
True
Let d be 31/7 - (-12)/(-28). Suppose 0 = d*g - 8 - 44. Is g composite?
False
Let v = 130 - 93. Is v a prime number?
True
Let w(z) = 6*z**2 - 3*z - 4. Is w(5) a composite number?
False
Suppose -2*b + 7*b + 4*g - 694 = 0, 0 = b - 2*g - 150. Is b prime?
False
Let s(p) = 16*p**2 - 19*p - 8. Is s(-5) prime?
True
Suppose -3 = j - 2. Let g be -2 - -3 - (j + -61). Suppose -3*l = -3 - g. Is l a prime number?
False
Let c(n) = 3*n**2 - 6. Is c(-9) prime?
False
Let m(b) = -3*b**3 - 2*b**2 + 5. Is m(-6) prime?
False
Let f be (8/(-8))/((-1)/(-317)). Let q = 466 + f. Is q a prime number?
True
Suppose -5*w = -4*a - 67, 5*a - a - 38 = -2*w. Suppose -3*v = r - 2*v - 38, 0 = 5*v - w. Is r a composite number?
True
Let l = -40 + 86. Is l composite?
True
Suppose -3*l + 291 = 5*p + 39, -4*p + 204 = 3*l. Let w be 0/2 + 1 + 2. Suppose 3*a - p = -w*k, -2*a - 3*k = 3*a - 76. I